d 6020?
215
What is the greatest common divisor of 3798 and 2392951?
211
What is the greatest common divisor of 91007180 and 26492?
716
What is the greatest common divisor of 78937 and 118201?
409
What is the highest common divisor of 168 and 1123256?
8
What is the greatest common divisor of 9217832 and 24?
8
Calculate the highest common divisor of 83416902 and 762.
762
What is the greatest common factor of 106584975 and 3100?
775
What is the greatest common factor of 216712856 and 36584?
2152
What is the greatest common divisor of 87 and 2497487569?
29
Calculate the highest common factor of 513 and 418419.
27
What is the highest common divisor of 481 and 2192731?
37
Calculate the highest common factor of 223410 and 5181081.
2031
Calculate the highest common factor of 360615509 and 17.
17
Calculate the greatest common divisor of 637875 and 124125.
375
What is the highest common factor of 264456 and 6192?
72
Calculate the greatest common divisor of 291 and 162451623.
291
Calculate the greatest common divisor of 9 and 4199319279.
9
What is the highest common divisor of 40689 and 31866885?
3699
What is the highest common divisor of 58862 and 5542322?
3098
What is the highest common divisor of 28860 and 1099020?
780
Calculate the greatest common factor of 243 and 33414201.
243
Calculate the greatest common factor of 8412 and 31627718.
1402
What is the highest common divisor of 84591129 and 942?
471
What is the greatest common factor of 775 and 2391250?
25
What is the greatest common divisor of 298345375 and 625?
125
What is the greatest common divisor of 5176673 and 2292?
191
What is the greatest common factor of 2376938503 and 139?
139
Calculate the greatest common divisor of 30327951 and 747.
249
What is the highest common factor of 11243230 and 1150?
10
What is the highest common factor of 21854402 and 27334?
158
Calculate the greatest common divisor of 1506 and 513546.
1506
What is the greatest common factor of 273941535 and 20?
5
What is the highest common divisor of 58538802 and 56?
14
Calculate the greatest common divisor of 340 and 182218070.
170
Calculate the greatest common factor of 13554 and 352413036.
4518
Calculate the greatest common divisor of 392 and 680948002.
98
Calculate the highest common factor of 3002 and 61009646.
3002
Calculate the greatest common factor of 3743214 and 24.
6
Calculate the highest common divisor of 2358444 and 3927.
561
Calculate the highest common divisor of 77 and 48859580.
77
What is the greatest common factor of 4160855 and 45?
5
Calculate the greatest common divisor of 1000 and 2761250.
250
What is the greatest common factor of 10440 and 192960?
360
Calculate the highest common divisor of 13737 and 63669.
57
What is the greatest common factor of 192 and 255904080?
48
What is the greatest common divisor of 14718277 and 952?
119
Calculate the highest common factor of 261246000 and 24.
24
What is the highest common factor of 133 and 1946056?
133
Calculate the highest common factor of 1952 and 130280.
8
What is the greatest common factor of 72038 and 20815?
181
Calculate the highest common factor of 227197 and 15300192.
3391
What is the highest common factor of 60 and 151817820?
60
Calculate the highest common factor of 2096 and 58224784.
2096
What is the highest common divisor of 2126187 and 1260?
63
Calculate the greatest common divisor of 116 and 13722176.
4
What is the highest common divisor of 3127434 and 83085?
573
What is the highest common factor of 12515 and 133505014?
2503
What is the greatest common divisor of 14610528 and 12125?
97
What is the highest common factor of 111 and 5814957?
111
Calculate the greatest common divisor of 5020309 and 146771.
463
What is the greatest common factor of 483012 and 5841?
9
Calculate the highest common factor of 64213 and 618423.
157
Calculate the greatest common factor of 28925 and 417950.
325
Calculate the greatest common divisor of 36546760 and 80.
40
What is the highest common factor of 312275 and 38450?
25
Calculate the greatest common divisor of 112 and 6921166.
14
Calculate the highest common factor of 2078265472 and 128.
128
What is the greatest common factor of 1762484388 and 644?
644
Calculate the highest common divisor of 40 and 781856.
8
Calculate the greatest common divisor of 69417558 and 35070.
7014
What is the greatest common factor of 5040 and 521073?
63
Calculate the highest common factor of 1231 and 293.
1
Calculate the greatest common divisor of 3942 and 14692345.
73
What is the highest common divisor of 715 and 2741794?
11
Calculate the greatest common divisor of 47474264 and 223096.
2824
What is the highest common factor of 10985951 and 24987?
8329
Calculate the highest common divisor of 26221767 and 858.
429
What is the highest common divisor of 5136 and 926192?
1712
What is the greatest common divisor of 15249 and 16107?
39
Calculate the greatest common divisor of 5837240 and 3480.
40
Calculate the greatest common factor of 12882 and 49708926.
678
What is the highest common divisor of 76792779 and 9352?
1169
What is the greatest common factor of 114 and 1377462?
114
What is the highest common divisor of 16354982 and 1148?
574
What is the greatest common factor of 780646 and 314?
2
What is the highest common divisor of 2011046 and 99992?
862
What is the greatest common divisor of 1207566902 and 58?
58
Calculate the greatest common divisor of 16118 and 166410291.
8059
What is the greatest common factor of 924 and 10795246?
154
Calculate the highest common factor of 147900 and 4764.
12
What is the greatest common factor of 1506848 and 42336?
1568
Calculate the highest common factor of 5370 and 44229110.
1790
Calculate the highest common divisor of 351050 and 694960.
1190
Calculate the greatest common factor of 12580172 and 4092.
1364
What is the greatest common factor of 152 and 787211192?
152
What is the highest common divisor of 274138073 and 957?
319
Calculate the greatest common factor of 5251081 and 74041.
583
Calculate the greatest common factor of 23727 and 2177901.
33
Calculate the greatest common divisor of 1353 and 28601067.
1353
Calculate the greatest common divisor of 375 and 3095550.
75
What is the greatest common divisor of 106690580 and 51021?
5669
What is the highest common divisor of 434015520 and 288?
96
What is the greatest common factor of 24389055 and 315?
45
What is the highest common factor of 20 and 135562730?
10
Calculate the greatest common divisor of 1416 and 155016.
24
Calculate the greatest common divisor of 20774 and 1047982.
442
Calculate the highest common divisor of 336 and 266196.
84
What is the greatest common factor of 2015318238 and 387?
129
Calculate the highest common divisor of 1666 and 39948538.
238
What is the greatest common factor of 4959236 and 1177?
107
Calculate the greatest common divisor of 27683040 and 214.
214
What is the highest common factor of 44 and 21074548?
44
Calculate the highest common factor of 7 and 1654625.
7
Calculate the highest common factor of 641388 and 1569414.
2838
Calculate the highest common divisor of 1070 and 65266576.
214
Calculate the greatest common divisor of 69614272 and 16.
16
What is the highest common divisor of 89251628 and 652?
652
What is the greatest common factor of 559 and 10011131?
559
What is the greatest common divisor of 7232 and 1584712?
904
What is the highest common divisor of 1985 and 164096377?
397
What is the greatest common divisor of 196900 and 11139528?
716
Calculate the highest common divisor of 2315760 and 15690.
30
What is the highest common factor of 300 and 512112?
12
What is the highest common divisor of 111741451 and 3838?
1919
Calculate the highest common divisor of 62421255 and 2535.
195
What is the highest common divisor of 278333157 and 477?
159
Calculate the greatest common divisor of 5407978 and 58.
58
What is the highest common factor of 216632925 and 258?
129
Calculate the highest common factor of 122865 and 17295.
15
What is the highest common factor of 136110 and 2770170?
390
What is the highest common divisor of 1146 and 22305935?
191
What is the greatest common factor of 114390 and 1885590?
3690
What is the greatest common factor of 1512675 and 10790?
415
What is the greatest common factor of 6616 and 2272?
8
Calcula